{"id":8806,"date":"2023-02-23T17:53:01","date_gmt":"2023-02-23T16:53:01","guid":{"rendered":"https:\/\/www.sdh-noveveseli.cz\/?page_id=8806"},"modified":"2023-07-27T22:43:17","modified_gmt":"2023-07-27T20:43:17","slug":"soukroma-fotogalerie","status":"publish","type":"page","link":"https:\/\/www.sdh-noveveseli.cz\/home\/domu\/soukroma-fotogalerie\/","title":{"rendered":"Kompletn\u00ed fotogalerie"},"content":{"rendered":"","protected":true},"excerpt":{"rendered":"","protected":true},"author":30,"featured_media":0,"parent":7548,"menu_order":0,"comment_status":"closed","ping_status":"closed","template":"elementor_canvas","meta":{"footnotes":""},"class_list":["post-8806","page","type-page","status-publish","post-password-required","hentry","post-preview"],"yoast_head":"<!-- This site is optimized with the Yoast SEO plugin v27.4 - https:\/\/yoast.com\/product\/yoast-seo-wordpress\/ -->\n<title>Kompletn\u00ed fotogalerie - SDH Nov\u00e9 Vesel\u00ed<\/title>\n<meta name=\"robots\" content=\"index, follow, max-snippet:-1, max-image-preview:large, max-video-preview:-1\" \/>\n<link rel=\"canonical\" href=\"https:\/\/www.sdh-noveveseli.cz\/home\/domu\/soukroma-fotogalerie\/\" \/>\n<meta property=\"og:locale\" content=\"cs_CZ\" \/>\n<meta property=\"og:type\" content=\"article\" \/>\n<meta property=\"og:title\" content=\"Kompletn\u00ed fotogalerie - SDH Nov\u00e9 Vesel\u00ed\" \/>\n<meta property=\"og:description\" content=\"Stru\u010dn\u00fd obsah p\u0159\u00edsp\u011bvku zde nen\u00ed uveden, proto\u017ee je tento p\u0159\u00edsp\u011bvek chr\u00e1n\u011bn heslem.\" \/>\n<meta property=\"og:url\" content=\"https:\/\/www.sdh-noveveseli.cz\/home\/domu\/soukroma-fotogalerie\/\" \/>\n<meta property=\"og:site_name\" content=\"SDH Nov\u00e9 Vesel\u00ed\" \/>\n<meta property=\"article:publisher\" content=\"https:\/\/www.facebook.com\/sdhnoveveseli\" \/>\n<meta property=\"article:modified_time\" content=\"2023-07-27T20:43:17+00:00\" \/>\n<meta name=\"twitter:card\" content=\"summary_large_image\" \/>\n<meta name=\"twitter:label1\" content=\"Odhadovan\u00e1 doba \u010dten\u00ed\" \/>\n\t<meta name=\"twitter:data1\" content=\"8 minut\" \/>\n<script type=\"application\/ld+json\" class=\"yoast-schema-graph\">{\"@context\":\"https:\\\/\\\/schema.org\",\"@graph\":[{\"@type\":\"WebPage\",\"@id\":\"https:\\\/\\\/www.sdh-noveveseli.cz\\\/home\\\/domu\\\/soukroma-fotogalerie\\\/\",\"url\":\"https:\\\/\\\/www.sdh-noveveseli.cz\\\/home\\\/domu\\\/soukroma-fotogalerie\\\/\",\"name\":\"Kompletn\u00ed fotogalerie - SDH Nov\u00e9 Vesel\u00ed\",\"isPartOf\":{\"@id\":\"https:\\\/\\\/www.sdh-noveveseli.cz\\\/home\\\/#website\"},\"datePublished\":\"2023-02-23T16:53:01+00:00\",\"dateModified\":\"2023-07-27T20:43:17+00:00\",\"breadcrumb\":{\"@id\":\"https:\\\/\\\/www.sdh-noveveseli.cz\\\/home\\\/domu\\\/soukroma-fotogalerie\\\/#breadcrumb\"},\"inLanguage\":\"cs\"},{\"@type\":\"WebSite\",\"@id\":\"https:\\\/\\\/www.sdh-noveveseli.cz\\\/home\\\/#website\",\"url\":\"https:\\\/\\\/www.sdh-noveveseli.cz\\\/home\\\/\",\"name\":\"SDH Nov\u00e9 Vesel\u00ed\",\"description\":\"1891\",\"publisher\":{\"@id\":\"https:\\\/\\\/www.sdh-noveveseli.cz\\\/home\\\/#organization\"},\"alternateName\":\"SDH NV\",\"potentialAction\":[{\"@type\":\"SearchAction\",\"target\":{\"@type\":\"EntryPoint\",\"urlTemplate\":\"https:\\\/\\\/www.sdh-noveveseli.cz\\\/home\\\/?s={search_term_string}\"},\"query-input\":{\"@type\":\"PropertyValueSpecification\",\"valueRequired\":true,\"valueName\":\"search_term_string\"}}],\"inLanguage\":\"cs\"},{\"@type\":\"Organization\",\"@id\":\"https:\\\/\\\/www.sdh-noveveseli.cz\\\/home\\\/#organization\",\"name\":\"SDH Nov\u00e9 Vesel\u00ed\",\"alternateName\":\"SDH NV\",\"url\":\"https:\\\/\\\/www.sdh-noveveseli.cz\\\/home\\\/\",\"logo\":{\"@type\":\"ImageObject\",\"inLanguage\":\"cs\",\"@id\":\"https:\\\/\\\/www.sdh-noveveseli.cz\\\/home\\\/#\\\/schema\\\/logo\\\/image\\\/\",\"url\":\"https:\\\/\\\/www.sdh-noveveseli.cz\\\/wp-content\\\/uploads\\\/2023\\\/02\\\/cropped-SDH-Nove-Veseli-obrazkovy-format.png\",\"contentUrl\":\"https:\\\/\\\/www.sdh-noveveseli.cz\\\/wp-content\\\/uploads\\\/2023\\\/02\\\/cropped-SDH-Nove-Veseli-obrazkovy-format.png\",\"width\":512,\"height\":512,\"caption\":\"SDH Nov\u00e9 Vesel\u00ed\"},\"image\":{\"@id\":\"https:\\\/\\\/www.sdh-noveveseli.cz\\\/home\\\/#\\\/schema\\\/logo\\\/image\\\/\"},\"sameAs\":[\"https:\\\/\\\/www.facebook.com\\\/sdhnoveveseli\"]}]}<\/script>\n<!-- \/ Yoast SEO plugin. -->","yoast_head_json":{"title":"Kompletn\u00ed fotogalerie - SDH Nov\u00e9 Vesel\u00ed","robots":{"index":"index","follow":"follow","max-snippet":"max-snippet:-1","max-image-preview":"max-image-preview:large","max-video-preview":"max-video-preview:-1"},"canonical":"https:\/\/www.sdh-noveveseli.cz\/home\/domu\/soukroma-fotogalerie\/","og_locale":"cs_CZ","og_type":"article","og_title":"Kompletn\u00ed fotogalerie - SDH Nov\u00e9 Vesel\u00ed","og_description":"Stru\u010dn\u00fd obsah p\u0159\u00edsp\u011bvku zde nen\u00ed uveden, proto\u017ee je tento p\u0159\u00edsp\u011bvek chr\u00e1n\u011bn heslem.","og_url":"https:\/\/www.sdh-noveveseli.cz\/home\/domu\/soukroma-fotogalerie\/","og_site_name":"SDH Nov\u00e9 Vesel\u00ed","article_publisher":"https:\/\/www.facebook.com\/sdhnoveveseli","article_modified_time":"2023-07-27T20:43:17+00:00","twitter_card":"summary_large_image","twitter_misc":{"Odhadovan\u00e1 doba \u010dten\u00ed":"8 minut"},"schema":{"@context":"https:\/\/schema.org","@graph":[{"@type":"WebPage","@id":"https:\/\/www.sdh-noveveseli.cz\/home\/domu\/soukroma-fotogalerie\/","url":"https:\/\/www.sdh-noveveseli.cz\/home\/domu\/soukroma-fotogalerie\/","name":"Kompletn\u00ed fotogalerie - SDH Nov\u00e9 Vesel\u00ed","isPartOf":{"@id":"https:\/\/www.sdh-noveveseli.cz\/home\/#website"},"datePublished":"2023-02-23T16:53:01+00:00","dateModified":"2023-07-27T20:43:17+00:00","breadcrumb":{"@id":"https:\/\/www.sdh-noveveseli.cz\/home\/domu\/soukroma-fotogalerie\/#breadcrumb"},"inLanguage":"cs"},{"@type":"WebSite","@id":"https:\/\/www.sdh-noveveseli.cz\/home\/#website","url":"https:\/\/www.sdh-noveveseli.cz\/home\/","name":"SDH Nov\u00e9 Vesel\u00ed","description":"1891","publisher":{"@id":"https:\/\/www.sdh-noveveseli.cz\/home\/#organization"},"alternateName":"SDH NV","potentialAction":[{"@type":"SearchAction","target":{"@type":"EntryPoint","urlTemplate":"https:\/\/www.sdh-noveveseli.cz\/home\/?s={search_term_string}"},"query-input":{"@type":"PropertyValueSpecification","valueRequired":true,"valueName":"search_term_string"}}],"inLanguage":"cs"},{"@type":"Organization","@id":"https:\/\/www.sdh-noveveseli.cz\/home\/#organization","name":"SDH Nov\u00e9 Vesel\u00ed","alternateName":"SDH NV","url":"https:\/\/www.sdh-noveveseli.cz\/home\/","logo":{"@type":"ImageObject","inLanguage":"cs","@id":"https:\/\/www.sdh-noveveseli.cz\/home\/#\/schema\/logo\/image\/","url":"https:\/\/www.sdh-noveveseli.cz\/wp-content\/uploads\/2023\/02\/cropped-SDH-Nove-Veseli-obrazkovy-format.png","contentUrl":"https:\/\/www.sdh-noveveseli.cz\/wp-content\/uploads\/2023\/02\/cropped-SDH-Nove-Veseli-obrazkovy-format.png","width":512,"height":512,"caption":"SDH Nov\u00e9 Vesel\u00ed"},"image":{"@id":"https:\/\/www.sdh-noveveseli.cz\/home\/#\/schema\/logo\/image\/"},"sameAs":["https:\/\/www.facebook.com\/sdhnoveveseli"]}]}},"_links":{"self":[{"href":"https:\/\/www.sdh-noveveseli.cz\/home\/wp-json\/wp\/v2\/pages\/8806","targetHints":{"allow":["GET"]}}],"collection":[{"href":"https:\/\/www.sdh-noveveseli.cz\/home\/wp-json\/wp\/v2\/pages"}],"about":[{"href":"https:\/\/www.sdh-noveveseli.cz\/home\/wp-json\/wp\/v2\/types\/page"}],"author":[{"embeddable":true,"href":"https:\/\/www.sdh-noveveseli.cz\/home\/wp-json\/wp\/v2\/users\/30"}],"replies":[{"embeddable":true,"href":"https:\/\/www.sdh-noveveseli.cz\/home\/wp-json\/wp\/v2\/comments?post=8806"}],"version-history":[{"count":5,"href":"https:\/\/www.sdh-noveveseli.cz\/home\/wp-json\/wp\/v2\/pages\/8806\/revisions"}],"predecessor-version":[{"id":9110,"href":"https:\/\/www.sdh-noveveseli.cz\/home\/wp-json\/wp\/v2\/pages\/8806\/revisions\/9110"}],"up":[{"embeddable":true,"href":"https:\/\/www.sdh-noveveseli.cz\/home\/wp-json\/wp\/v2\/pages\/7548"}],"wp:attachment":[{"href":"https:\/\/www.sdh-noveveseli.cz\/home\/wp-json\/wp\/v2\/media?parent=8806"}],"curies":[{"name":"wp","href":"https:\/\/api.w.org\/{rel}","templated":true}]}}